.
43
Suppose -1002*b = 4*v - 1007*b - 82470, -2*b = 3*v - 61818. List the prime factors of v.
2, 3, 5, 229
Let x(s) be the first derivative of -s**2/2 - s - 25. Let g be x(-7). Suppose -g*l + 196 + 410 = 0. What are the prime factors of l?
101
Suppose 14 = 2*y + 6. Suppose 2*d - 24 = -y*g - 2*d, -3*g = 2*d - 15. Suppose -g*i + 51 = 3*f, -6*i + i + 4*f = -49. List the prime factors of i.
13
Let h(p) = -380*p + 31. Let x be h(-15). Suppose 0 = 7*a - 18*a + x. What are the prime factors of a?
521
Let t = 22 + -2. Suppose -5*a - 10 = -t. Suppose -3*l + d - 5*d = -307, -a*d - 119 = -l. List the prime factors of l.
109
Let f = -132 + 134. Suppose 0 = 2*g - 2*h - f*h - 656, 2*g + 2*h - 668 = 0. What are the prime factors of g?
2, 83
Suppose -2*h + 2*y + 2 - 6 = 0, -3*h + 18 = 3*y. Suppose 0 = -2*o + 2*k + 66, -33 = -o - 37*k + 39*k. Suppose 5*x = o + h. What are the prime factors of x?
7
Let j(a) = -42*a**3 + 9*a**2 - 12*a - 3. Let x be j(-7). Suppose 36*b - x - 1164 = 0. What are the prime factors of b?
3, 149
Let b(t) = 2*t**2 + 5*t + 1. Let o be b(-4). Suppose -5*u - o = -2*v, -v = -2*u - 7 + 1. What are the prime factors of v/2 + 59 + 3?
2
Suppose -5*w + 7292 = -14913. What are the prime factors of w?
4441
Let d(b) = b**3 - 16*b**2 + 27*b + 19. Let v be d(14). Suppose -3*z = v*l - 1136, -z + 226 = 4*l - 3*l. List the prime factors of l.
229
Let f be -6 + (-135)/(-10) + (-3)/2. Let w(j) = -j**2 + 6*j - 7. Let p be w(5). List the prime factors of (3 + p)*-10*(f + -14).
2, 5
Let c = -742 + 1143. Let z = -98 + c. What are the prime factors of z?
3, 101
Let l be (8/(-3) + 0)*45/6. Let r be -4 + 3*l/(-12). What are the prime factors of (97 + 16)*2*r/2?
113
Let q = 343 + -341. Suppose -4*o + 340 = -2*t, -o = o + q*t - 158. List the prime factors of o.
83
Suppose -2*c = -5*d + 28475, 4*d - 39327 = -5*c - 16514. List the prime factors of d.
3, 211
Let v(r) = r**2 - 7*r - 21. Let p be v(9). Suppose -36 = -4*n + 3*b, -5*n + 13 = 5*b + 3. What are the prime factors of (n/(-15))/(p*2/870)?
2, 29
Let k = 7939 + -3791. What are the prime factors of k?
2, 17, 61
Suppose 5*d - 45 = 0, 0 = -7*t + 4*d + 112873 + 96237. List the prime factors of t.
2, 14939
Suppose 20*l + 49 - 4069 = 0. Suppose -5*v - l - 727 = -j, -20 = -5*v. List the prime factors of j.
2, 3, 79
Suppose 2*u = 2, u - 793 = -3*w + 618. Let s be (4/5)/(4/w). What are the prime factors of (s - 5) + (0 - 1)*2?
3, 29
Suppose 6*w = -31 + 61. Suppose 488 = o + w*r, -4*r + 0 = -8. What are the prime factors of o?
2, 239
Let p(g) = -g**3 + 5*g**2 - 9*g + 14. Let m be p(4). Let i be 8/m + (-16)/36*-3. Suppose i = -5*v + 1 + 69. What are the prime factors of v?
2, 7
Suppose 0 = 19*i - 13*i - 36. Suppose -g - 1549 = -3*n, n + 3*n = -2*g + 2082. Suppose -j = i*j - n. List the prime factors of j.
2, 37
Let v(k) = k**3 + 12*k**2 + 13*k + 8. Let x be v(-12). Let l = x + 267. What are the prime factors of l?
7, 17
Let j be 3/(-9) - 4/(-36)*3. Suppose 0*o + o = j. Suppose -9*s - 6 + 375 = o. List the prime factors of s.
41
Suppose 84*p - 88*p = -3852. List the prime factors of p.
3, 107
Let g = 1 + -1. Suppose 4*u - 4*k - 28 = 0, g = 3*u - k - 4 - 13. List the prime factors of 146/3 + u*8/(-60).
2, 3
Let i = 69 + -63. What are the prime factors of ((-4)/i)/((-16)/25896)?
13, 83
Let f = -26 + 23. Let c(h) = -2*h**3 - 9*h**2 - 4*h - 3. Let a be c(f). Let y(x) = -x**2 - 34*x - 28. List the prime factors of y(a).
2, 5, 13
Let c be -4 - (-5 - (-4 + 452)). Suppose 7*y + 97 = -c. Let f = y + 132. What are the prime factors of f?
2, 3
Let s(r) = -4*r**2 - 45*r + 11. Let h(g) = g**2 + 2*g - 1. Let v(n) = 6*h(n) + s(n). List the prime factors of v(17).
2, 11
Let a = 11690 + -4661. What are the prime factors of a?
3, 11, 71
Suppose -19*m + m + 245732 = -14*m. What are the prime factors of m?
23, 2671
Suppose 0 = 349*h - 36*h - 6520729. What are the prime factors of h?
83, 251
Suppose 8*x = -816 + 3616. Suppose x = h - 199. Suppose -14*i = -5*i - h. What are the prime factors of i?
61
Suppose 2*j = -3*b + 3318, 0*b - 5*b + 5530 = 3*j. What are the prime factors of b?
2, 7, 79
Let z(r) = r**2 + 3*r + 488. Let c = 147 + -147. What are the prime factors of z(c)?
2, 61
Let t = -375 + 528. Let n = t + 22. What are the prime factors of n?
5, 7
Let u(p) = -p**3 - 46*p**2 + 86*p + 560. List the prime factors of u(-59).
40739
Suppose 11798 = -52*d + 74978. List the prime factors of d.
3, 5
Suppose -3380491 = -149*z - 893830. List the prime factors of z.
3, 5563
Suppose 772 = 9*a - 1028. Suppose 0 = -5*y + 850 - a. List the prime factors of y.
2, 5, 13
Let a(o) = 6 + 61*o**2 - 26*o**2 - 6*o - 50*o**2. Let h be a(3). Let t = -80 - h. What are the prime factors of t?
67
Let a = -72 + 78. What are the prime factors of (-1456)/a*(-12)/8*2?
2, 7, 13
Suppose 79 = -4*v - 2*r + 13, 2*v + 42 = -4*r. Let i be v/((1 + -4)*(-2)/(-4)). List the prime factors of (-44)/6*(-22 + i).
2, 11
Suppose 0*h + 5*h + 2*i = 111, -4*h = i - 90. Suppose 5*u - h*u = -21960. What are the prime factors of u?
2, 5, 61
What are the prime factors of 54/27 + 4 + 6000?
2, 3, 7, 11, 13
Let n(y) = 2*y - 16. Let o be n(8). Let p(l) = -3*l + 10. Let r be p(o). Suppose -14*u + 624 = -r*u. List the prime factors of u.
2, 3, 13
Let k = 132513 - 77732. List the prime factors of k.
29, 1889
Let r(y) = -44568*y**3 + y**2 + 115*y + 113. What are the prime factors of r(-1)?
41, 1087
What are the prime factors of (((-2480)/60)/(8/4164))/(-2)?
31, 347
Let d be (-286)/((-25)/(-35) - 14/(-49)). Suppose -2*w + 5*o = 373, 917 = -5*w - 3*o - 0*o. Let i = w - d. What are the prime factors of i?
2, 3, 17
Let n(l) = -2*l**2 - 11*l. Let u be n(-5). Suppose -u*o + 913 = 313. List the prime factors of (48/(-40))/((-2)/o).
2, 3
Suppose -3*n + 3*q + 18 + 0 = 0, -q + 9 = 4*n. Let m(x) = 67*x - 45. List the prime factors of m(n).
2, 3, 13
Let v(y) = y**2 + 16*y + 5. Let l be v(-17). Suppose -29*h + 1631 = -l*h. What are the prime factors of h?
233
List the prime factors of (21165/20)/(15/20).
17, 83
Let m be 244/(-4) - (1 + 1)*1. Let y be ((-20)/6)/(-1)*m/(-6). Suppose 0 = 2*j + 7 - y. List the prime factors of j.
2, 7
Suppose 3*t + 0*t = -4*f + 9777, -4*f - 55403 = -17*t. List the prime factors of t.
3259
Let b(v) = -v + 34 - 2*v - 36 + 2*v**2. Let p(s) = s**3 + 8*s**2 - 8*s + 13. Let g be p(-9). What are the prime factors of b(g)?
2, 3
Let b(d) = -21*d - 47. Let q(k) = -3*k - 28. Let c be q(-8). Let h be -11 + (-2*(c - -2) - 5). List the prime factors of b(h).
5, 41
Let q = -13854 + 35310. What are the prime factors of q?
2, 3, 149
Suppose 0 = 19*q - 5*q + 16*q - 249240. What are the prime factors of q?
2, 31, 67
Let j(n) = n**2 + 4*n - 6. Let f be j(7). Let k = f + -165. What are the prime factors of (-2)/(-4 + (-372)/k)?
47
Suppose 8*r = -9673 + 2753. Let x = r + 1224. List the prime factors of x.
359
Let u be (-2)/(1 - (12712/6354 - 1)). Suppose -3*l + u = -56*x + 58*x, 4*l - 4236 = 4*x. List the prime factors of l.
3, 353
Suppose 0 = k + 9*x - 13*x - 19004, -k + 18969 = 3*x. Suppose 20*v - k = 8*v. What are the prime factors of v?
2, 7, 113
Suppose 0 = -15*h - 1439 - 5221. Let m = -104 - h. What are the prime factors of m?
2, 5, 17
Suppose o - 228 + 4521 = 2*c, -2*o = -10. List the prime factors of c.
7, 307
Let x = 126 + -590. Let h = x + 670. List the prime factors of h.
2, 103
Let t be (-45)/(-15)*254/(-4)*-2. Let i = t + -85. List the prime factors of i.
2, 37
Suppose -266*m = -358*m + 573068. List the prime factors of m.
6229
Let g(p) = 17*p**3 + 2*p - 2. Let f = -60 + 61. List the prime factors of g(f).
17
Let o(p) = p**3 - 2*p**2 - 35*p + 120. Let a be o(4). Suppose 386 + 1882 = a*v. List the prime factors of v.
3, 7
Suppose 4*z = 2*z + 10. Suppose w = 9*w + z*w. Suppose w*m = 6*m - 1266. What are the prime factors of m?
211
Let b(d) = -53*d + 680. Let c = 871 - 871. What are the prime factors of b(c)?
2, 5, 17
Let y(z) = z - 1. Let f(l) = -5*l - 18. Let j(k) = -f(k) - 4*y(k). Let a be j(-17). Suppose -2*r + 4*c - 6 = -3*r, -a*c = 20. What are the prime factors of r?
2, 11
Let w = 7330 + -5161. Suppose -12*u = -3*u - w. Suppose -j + 4*c + u = 0, 3*j = 6*j + c - 697. What are the prime factors of j?
233
Suppose 3*c - 288 = g, 0 = -3*c - c + 4*g + 376. Suppose 70 = 11*u + 11*u + 114. L